is -2 + 2621?
2618
In base 13, what is -1 - -289549?
289548
In base 15, what is -3 - -23dcda?
23dcd7
In base 14, what is 53c03 + -5?
53bdc
In base 8, what is -1 - 1224403?
-1224404
In base 13, what is -6ca + -210?
-90a
In base 10, what is -20526 - -9?
-20517
In base 3, what is 0 + 112111110101?
112111110101
In base 9, what is 2047050 - 2?
2047047
In base 11, what is -2715 - -71?
-2654
In base 6, what is -2545 + 221?
-2324
In base 9, what is 11237 - 4?
11233
In base 6, what is -110050532 - 1?
-110050533
In base 2, what is -10001 - 111010110011101?
-111010110101110
In base 7, what is -110564 + 10?
-110554
In base 12, what is 113282 - 9?
113275
In base 16, what is 1252f - 7?
12528
In base 11, what is -21 - 564?
-585
In base 11, what is 35 + 84?
109
In base 2, what is 111 + 1110001100111001010?
1110001100111010001
In base 3, what is 22002 + -10122?
11110
In base 10, what is -15 + -122?
-137
In base 16, what is -7f + 12b?
ac
In base 13, what is 59a + -3918?
-334b
In base 3, what is -22111000212 - -11?
-22111000201
In base 7, what is -362334 + -130?
-362464
In base 3, what is -2002122 - 12012?
-2021211
In base 12, what is -6 - -22a2?
2298
In base 8, what is 542127 - 1?
542126
In base 14, what is 7a558 - 4?
7a554
In base 14, what is 5 - 38cc8?
-38cc3
In base 11, what is -a593 - 2?
-a595
In base 15, what is -360 - 4c?
-3ac
In base 3, what is 1111122021 + -1001?
1111121020
In base 10, what is 193633 - 5?
193628
In base 6, what is -5 - -310143?
310134
In base 3, what is 120200200120 + -1?
120200200112
In base 13, what is -3 - 137076?
-137079
In base 16, what is -1c + 7e0?
7c4
In base 9, what is -10 + -571?
-581
In base 16, what is 7b + 184b?
18c6
In base 14, what is 6d57c - 1?
6d57b
In base 12, what is -66a751 + 1?
-66a750
In base 13, what is b7c + 4?
b83
In base 10, what is -2503 - 21?
-2524
In base 3, what is -10 - -20102202210?
20102202200
In base 12, what is -15 - 2226?
-223b
In base 5, what is -1220220 + -34?
-1220304
In base 3, what is 112 - -22122012001?
22122012120
In base 10, what is -22 + 7962?
7940
In base 9, what is 1387651 - -5?
1387656
In base 11, what is -687a4 + 4?
-687a0
In base 15, what is -1ab0 + -4?
-1ab4
In base 14, what is -1610 + 0?
-1610
In base 12, what is -4917b - -12?
-49169
In base 2, what is -10 + -111101101111001?
-111101101111011
In base 9, what is -63625 - 7?
-63633
In base 3, what is 1120122120111 - 1?
1120122120110
In base 6, what is -41 - -1141144?
1141103
In base 13, what is -1c26 - 4a?
-1c73
In base 14, what is a2c - -51?
a7d
In base 4, what is -13011122 - 111?
-13011233
In base 7, what is 254014 + -15?
253666
In base 14, what is 1a62 - -3?
1a65
In base 7, what is 14 - -44546?
44563
In base 12, what is 819666 + 1?
819667
In base 6, what is 25 + -15025?
-15000
In base 4, what is -21010113031 + 10?
-21010113021
In base 12, what is b4 - -3a2?
496
In base 7, what is 36 - -141000?
141036
In base 10, what is 527 - -458?
985
In base 7, what is 1 - 411604?
-411603
In base 15, what is 161 - -1b4?
325
In base 5, what is 1442444214 - -3?
1442444222
In base 9, what is -126773 + -7?
-126781
In base 11, what is -2 - -a7259?
a7257
In base 11, what is -1172 - 83?
-1245
In base 11, what is 0 + -5249a9?
-5249a9
In base 14, what is 0 - -84a3?
84a3
In base 16, what is -6876 - -4?
-6872
In base 15, what is -3e6 - -1d?
-3c8
In base 7, what is 22601035 + 5?
22601043
In base 8, what is 4 - -162121?
162125
In base 14, what is -4 + -15a8?
-15ac
In base 11, what is 13 - -126760?
126773
In base 16, what is 0 - -d1e?
d1e
In base 7, what is 3 + 546422?
546425
In base 5, what is -14 - 41402314?
-41402333
In base 8, what is -452751 - 3?
-452754
In base 13, what is -9 + -4934?
-4940
In base 7, what is 126 + -63156?
-63030
In base 13, what is 60 - -c7c?
100c
In base 10, what is 1 - 130444?
-130443
In base 8, what is 533 - 4023?
-3270
In base 11, what is -635 + 1110?
586
In base 6, what is -24153 + 4?
-24145
In base 15, what is -9bb - -a?
-9b1
In base 10, what is 232 + -268?
-36
In base 8, what is -657 + 73?
-564
In base 10, what is -1 + -1047767?
-1047768
In base 14, what is -42 - -1989?
1947
In base 9, what is -4 - 8261?
-8265
In base 9, what is 3581 - -4?
3585
In base 7, what is 525 - 51?
444
In base 5, what is -10 - 121320?
-121330
In base 3, what is -102021 + 12102?
-12212
In base 16, what is 56 + c41?
c97
In base 10, what is 4 - -422334?
422338
In base 7, what is 0 - 141452?
-141452
In base 16, what is -5 + -1d03?
-1d08
In base 5, what is 11111 - 31224?
-20113
In base 11, what is -757 - -2?
-755
In base 16, what is -1fbd + 189?
-1e34
In base 5, what is -4102223 - 34?
-4102312
In base 4, what is 1203 - 113313?
-112110
In base 10, what is 192 - 201?
-9
In base 5, what is 2 - 42013204?
-42013202
In base 8, what is 0 + 63602?
63602
In base 11, what is -2a - 962?
-991
In base 15, what is -5 + -28239c?
-2823a2
In base 6, what is -30 - 5350?
-5420
In base 4, what is 3013202 + 10?
3013212
In base 14, what is 86cb5 - 1?
86cb4
In base 10, what is -578 - -232?
-346
In base 7, what is -1 + 351300?
351266
In base 11, what is -1870a - 40?
-1874a
In base 5, what is -224014 + -24?
-224043
In base 13, what is 121 + 3b?
15c
In base 12, what is -83 - 100b?
-1092
In base 3, what is 212221221 - 0?
212221221
In base 15, what is -b6 - -1ec9?
1e13
In base 7, what is -21 - 430001?
-430022
In base 15, what is 1edd0 + c?
1eddc
In base 12, what is -1625 + -24?
-1649
In base 13, what is -2128 - 8?
-2133
In base 2, what is 100111101110100 + -1011011?
100111100011001
In base 5, what is 31 + -300312?
-300231
In base 11, what is 3 - -1407a?
14082
In base 8, what is 6 + 125111?
125117
In base 11, what is -6a + 781?
712
In base 7, what is -5540141 - -3?
-5540135
In base 6, what is 3231552 - -12?
3232004
In base 4, what is 101200 - -100220?
202020
In base 13, what is -41 - -8389?
8348
In base 13, what is -323 + -194?
-4b7
In base 13, what is -ba + 4788?
469b
In base 15, what is -29284a + 4?
-292846
In base 13, what is -11 - c56?
-c67
In base 7, what is -3415004 - -1?
-3415003
In base 9, what is 33738 - 11?
33727
In base 7, what is -3 - -2361152?
2361146
In base 13, what is 582a - 0?
582a
In base 12, what is 105 - 124?
-1b
In base 9, what is 36810 + -1?
36808
In base 4, what is -1212323213 - 11?
-1212323230
In base 15, what is -5 - -b31?
b2b
In base 16, what is -197 - 25?
-1bc
In base 6, what is 402031 + 5?
402040
In base 11, what is 1a + 5385?
53a4
In base 16, what is -106 - 57b?
-681
In base 10, what is 664 - -1074?
1738
In base 15, what is -2326 + 2?
-2324
In base 15, what is 6 - 2021d?
-20217
In base 11, what is 4 + -19924?
-19920
In base 12, what is -16 - 1818?
-1832
In base 2, what is -100111011110100000001 - 1?
-100111011110100000010
In base 8, what is -30143 + 411?
-27532
In base 14, what is 51b - -782?
c9d
In base 14, what is a - 249d4?
-249c8
In base 3, what is -12002121 + 1220122?
-10011222
In base 6, what is -154115 + 2?
-154113
In base 16, what is be - -11b?
1d9
In base 7, what is -20500 + 20?
-20450
In base 5, what is -21414 - 103?
-22022
In base 9, what is -663733 - 1?
-663734
In base 10, what is -5 + 119462?
119457
In base 11, what is -276871 - 0?
-276871
In base 3, what is -1121 + -2100012?
-2101210
In base 8, what is 323 - 17775?
-17452
In base 9, what is -4 + 82361?
82356
In base 15, what is 0 + 3e1be?
3e1be
In base 6, what is 21341014 - -5?
21341023
In base 12, what is 4 + -28552b?
-285527
In base 6, what is 2351425 - -1?
2351430
In base 16, what is -be2d - 5?
-be32
In base 12, what is 2 + -13185?
-13183
In base 10, what is 3 + -8823?
-8820
In base 16, what is 51f + -2b?
4f4
In base 5, what is -210 - -1410?
1200
In base 14, what is 4 + -76950?
-7694a
In base 5, what is -20212 + -323?
-21040
In base 12, what is -493 - -2?
-491
In base 3, what is -111100212 + 1100?
-111022112
In base 14, what is 46 - -70?
b6
In base 14, what is -d2 + 294?
1a2
In base 11, what is -529 + 6a?
-46a
In base 9, what is 4114 - -711?
4825
In base 11, what is -409a - -a?
-4090
In base 12, what is -1085a4 - 4?
-1085a8
In base 11, what is -2169 + 187?
-1a92
In base 8, what is -104712 + 7?
-104703
In base 15, what is 48 + 9a8?
a01
In base 3, what is 11020220 + -21?
11020122
In base 2, what is -11000101011 + -101110?
-11001011001
In base 14, what is dd - 3a0?
-2a1
In base 6, what is 1 - 3